{"id":266,"date":"2025-05-30T04:23:04","date_gmt":"2025-05-30T01:23:04","guid":{"rendered":"https:\/\/avissonlinecar.com.tr\/?page_id=266"},"modified":"2025-05-30T04:30:27","modified_gmt":"2025-05-30T01:30:27","slug":"hakkimizda","status":"publish","type":"page","link":"https:\/\/avissonlinecar.com.tr\/index.php\/hakkimizda\/","title":{"rendered":"HAKKIMIZDA"},"content":{"rendered":"<div data-colibri-id=\"266-c1\" class=\"style-339 style-local-266-c1 position-relative\">\n  <!---->\n  <div data-colibri-component=\"section\" data-colibri-id=\"266-c2\" id=\"custom\" class=\"h-section h-section-global-spacing d-flex align-items-lg-center align-items-md-center align-items-center style-340 style-local-266-c2 position-relative\">\n    <!---->\n    <!---->\n    <div class=\"h-section-grid-container h-section-boxed-container\">\n      <!---->\n      <div data-colibri-id=\"266-c3\" class=\"h-row-container gutters-row-lg-2 gutters-row-md-2 gutters-row-0 gutters-row-v-lg-2 gutters-row-v-md-2 gutters-row-v-2 style-341 style-local-266-c3 position-relative\">\n        <!---->\n        <div class=\"h-row justify-content-lg-center justify-content-md-center justify-content-center align-items-lg-stretch align-items-md-stretch align-items-stretch gutters-col-lg-2 gutters-col-md-2 gutters-col-0 gutters-col-v-lg-2 gutters-col-v-md-2 gutters-col-v-2\">\n          <!---->\n          <div class=\"h-column h-column-container d-flex h-col-lg-auto h-col-md-auto h-col-auto style-342-outer style-local-266-c4-outer\">\n            <div data-colibri-id=\"266-c4\" class=\"d-flex h-flex-basis h-column__inner h-ui-empty-state-container h-px-lg-2 h-px-md-2 h-px-2 v-inner-lg-2 v-inner-md-2 v-inner-2 style-342 style-local-266-c4 position-relative\">\n              <!---->\n              <!---->\n              <div class=\"w-100 h-y-container h-column__content h-column__v-align flex-basis-100\">\n                <!---->\n              <\/div>\n            <\/div>\n          <\/div>\n        <\/div>\n      <\/div>\n    <\/div>\n  <\/div>\n  <div data-colibri-component=\"section\" data-colibri-id=\"266-c5\" id=\"about\" class=\"h-section h-section-global-spacing d-flex align-items-lg-center align-items-md-center align-items-center style-343 style-local-266-c5 position-relative\">\n    <!---->\n    <!---->\n    <div class=\"h-section-grid-container h-section-boxed-container\">\n      <!---->\n      <div data-colibri-id=\"266-c6\" class=\"h-row-container gutters-row-lg-0 gutters-row-md-0 gutters-row-0 gutters-row-v-lg-0 gutters-row-v-md-0 gutters-row-v-0 style-344 style-local-266-c6 position-relative\">\n        <!---->\n        <div class=\"h-row justify-content-lg-center justify-content-md-center justify-content-center align-items-lg-stretch align-items-md-stretch align-items-stretch gutters-col-lg-0 gutters-col-md-0 gutters-col-0 gutters-col-v-lg-0 gutters-col-v-md-0 gutters-col-v-0\">\n          <!---->\n          <div class=\"h-column h-column-container d-flex h-col-lg-auto h-col-md-auto h-col-auto style-345-outer style-local-266-c7-outer\">\n            <div data-colibri-id=\"266-c7\" class=\"d-flex h-flex-basis h-column__inner h-px-lg-0 h-px-md-0 h-px-0 v-inner-lg-0 v-inner-md-0 v-inner-0 style-345 style-local-266-c7 position-relative\">\n              <!---->\n              <!---->\n              <div class=\"w-100 h-y-container h-column__content h-column__v-align flex-basis-100 align-self-lg-start align-self-md-start align-self-start\">\n                <!---->\n                <div data-colibri-id=\"266-c8\" class=\"h-global-transition-all h-heading style-346 style-local-266-c8 position-relative h-element\">\n                  <!---->\n                  <div class=\"h-heading__outer style-346 style-local-266-c8\">\n                    <!---->\n                    <!---->\n                    <h5 class=\"\">HAKKIMIZDA<\/h5>\n                  <\/div>\n                <\/div>\n                <div data-colibri-id=\"266-c9\" class=\"h-global-transition-all h-heading style-347 style-local-266-c9 position-relative h-element\">\n                  <!---->\n                  <div class=\"h-heading__outer style-347 style-local-266-c9\">\n                    <!---->\n                    <!---->\n                    <h2 class=\"\">M\u0130SYONUMUZ<\/h2>\n                  <\/div>\n                <\/div>\n                <div data-colibri-id=\"266-c10\" class=\"h-text h-text-component style-348 style-local-266-c10 position-relative h-element\">\n                  <!---->\n                  <!---->\n                  <div class=\"\">\n                    <ul>\n                      <li>M\u00fc\u015fterilerimize her zaman en yeni, en g\u00fcvenli ve en ekonomik ara\u00e7lar\u0131 sunarak sekt\u00f6rde lider konuma gelmek.<\/li>\n                      <li>Teknolojiyi etkin kullanarak ara\u00e7 kiralama s\u00fcrecini dijitalle\u015ftirmek ve herkes i\u00e7in ula\u015f\u0131labilir k\u0131lmak.<\/li>\n                      <li>S\u00fcrd\u00fcr\u00fclebilirlik ilkeleri do\u011frultusunda \u00e7evreye duyarl\u0131 \u00e7\u00f6z\u00fcmler geli\u015ftirerek topluma katk\u0131 sa\u011flamak<\/li>\n                    <\/ul>\n                    <p>\n                      <br>\n                    <\/p>\n                  <\/div>\n                <\/div>\n              <\/div>\n            <\/div>\n          <\/div>\n          <div class=\"h-column h-column-container d-flex h-col-lg-auto h-col-md-auto h-col-auto style-349-outer style-local-266-c11-outer\">\n            <div data-colibri-id=\"266-c11\" class=\"d-flex h-flex-basis h-column__inner h-ui-empty-state-container h-px-lg-2 h-px-md-2 h-px-2 v-inner-lg-2 v-inner-md-2 v-inner-2 style-349 style-local-266-c11 position-relative\">\n              <!---->\n              <!---->\n              <div class=\"w-100 h-y-container h-column__content h-column__v-align flex-basis-100\">\n                <!---->\n              <\/div>\n            <\/div>\n          <\/div>\n        <\/div>\n      <\/div>\n    <\/div>\n  <\/div>\n<\/div>","protected":false},"excerpt":{"rendered":"<p>HAKKIMIZDA M\u0130SYONUMUZ M\u00fc\u015fterilerimize her zaman en yeni, en g\u00fcvenli ve en ekonomik ara\u00e7lar\u0131 [&hellip;]<\/p>\n","protected":false},"author":1,"featured_media":0,"parent":0,"menu_order":0,"comment_status":"closed","ping_status":"closed","template":"page-templates\/full-width-page.php","meta":{"footnotes":""},"class_list":["post-266","page","type-page","status-publish","hentry"],"_links":{"self":[{"href":"https:\/\/avissonlinecar.com.tr\/index.php\/wp-json\/wp\/v2\/pages\/266","targetHints":{"allow":["GET"]}}],"collection":[{"href":"https:\/\/avissonlinecar.com.tr\/index.php\/wp-json\/wp\/v2\/pages"}],"about":[{"href":"https:\/\/avissonlinecar.com.tr\/index.php\/wp-json\/wp\/v2\/types\/page"}],"author":[{"embeddable":true,"href":"https:\/\/avissonlinecar.com.tr\/index.php\/wp-json\/wp\/v2\/users\/1"}],"replies":[{"embeddable":true,"href":"https:\/\/avissonlinecar.com.tr\/index.php\/wp-json\/wp\/v2\/comments?post=266"}],"version-history":[{"count":5,"href":"https:\/\/avissonlinecar.com.tr\/index.php\/wp-json\/wp\/v2\/pages\/266\/revisions"}],"predecessor-version":[{"id":280,"href":"https:\/\/avissonlinecar.com.tr\/index.php\/wp-json\/wp\/v2\/pages\/266\/revisions\/280"}],"wp:attachment":[{"href":"https:\/\/avissonlinecar.com.tr\/index.php\/wp-json\/wp\/v2\/media?parent=266"}],"curies":[{"name":"wp","href":"https:\/\/api.w.org\/{rel}","templated":true}]}}